) = -q**3 + 3*q**2 + 2*q. Calculate r(3).
6
Let h(a) = -a**2 - 5*a - 14. Determine h(0).
-14
Let g(z) = 5*z**3 - 14*z**2 - 3*z - 3. Determine g(3).
-3
Let y(s) = -s**3 - 14*s**2 - 13*s + 10. Determine y(-13).
10
Let x(g) = g**2 - 7*g - 5. Determine x(8).
3
Let h(s) = 7*s**3 - 4*s + 3. Give h(2).
51
Let l(r) = -3*r**2 - r - 5. Give l(-2).
-15
Let q(i) = 3*i**2 - 9*i + 5. What is q(4)?
17
Let k(x) = 2*x**2 - 24*x + 27. Give k(11).
5
Let f(p) = 3*p**2 - p - 5. What is f(-3)?
25
Let z(h) = -76*h**2 - 3*h - 1. Calculate z(-1).
-74
Let r(g) = 4*g + 6. What is r(-2)?
-2
Let u(o) = -18*o - 4. Give u(3).
-58
Let h(t) = -t - 8. Determine h(-10).
2
Let w(q) = -q**2 - q + 11. Calculate w(4).
-9
Let a(m) = -5*m**2 + 8*m + 15. Calculate a(-3).
-54
Let m(y) = -2*y**3 - 17*y**2 + 8*y - 8. Determine m(-9).
1
Let j(m) = m**3 - 6*m**2 - 3*m + 13. What is j(6)?
-5
Let m(o) = o. Determine m(-3).
-3
Let d(y) = -y**2 + 9*y - 8. What is d(6)?
10
Let v(i) = 2*i**2 - 20*i - 154. Determine v(15).
-4
Let k(w) = -w**3 + 14*w**2 + 11*w + 13. Give k(15).
-47
Let c(j) = -50*j**2 - 3*j + 4. Calculate c(1).
-49
Let u(x) = -2*x + 12. Give u(9).
-6
Let f(n) = n**2 - 13*n + 8. Give f(14).
22
Let z(x) = -2*x**2 + x + 12. Determine z(0).
12
Let i(w) = w**3 - 4*w**2 - w + 4. Calculate i(5).
24
Let h(c) = -c**2 + 14*c. Give h(14).
0
Let g(h) = -h**3 - 6*h**2 - 14*h - 47. Calculate g(-6).
37
Let t(v) = -4*v + 52. What is t(14)?
-4
Let s(a) = -a**2 - a + 6. Determine s(-3).
0
Let m(s) = s**3 + 8*s**2 + 7*s + 5. Determine m(-7).
5
Let q(t) = -t**3 - t**2 + 3*t + 4. Calculate q(-3).
13
Let w(i) = -i**3 - 38*i**2 - 361*i - 25. Calculate w(-18).
-7
Let f(p) = 2*p - 33. Calculate f(17).
1
Let l(z) = -58*z**2 - 2*z + 2. Give l(1).
-58
Let h(v) = -13*v + 12. Give h(6).
-66
Let o(s) = -13*s + 1. What is o(4)?
-51
Let z(x) = -25*x + 69. Give z(4).
-31
Let q(n) = -n - 18. Calculate q(-15).
-3
Let p(u) = u**2 - 6*u. Calculate p(1).
-5
Let q(t) = -t**3 - t**2 - 2*t + 3. Give q(2).
-13
Let b(z) = -z**2 + z - 19. What is b(0)?
-19
Let c(b) = 42*b + 5. Give c(-2).
-79
Let p(h) = 9*h + 43. What is p(-12)?
-65
Let n(p) = 10*p + 2. Give n(0).
2
Let n(q) = -q**3 + 2*q**2 + 35*q + 6. Determine n(-5).
6
Let d(t) = t**2 - 8*t - 17. Give d(-11).
192
Let l(t) = t**3 - 11*t**2 - 25*t - 24. Give l(13).
-11
Let r(x) = -x**2 - 28*x - 21. Give r(-27).
6
Let q(t) = -12*t + 7. Calculate q(5).
-53
Let j(u) = -u**3 + 4*u**2 + 13*u - 46. Determine j(4).
6
Let q(g) = -g**2 - 24*g - 48. Determine q(-22).
-4
Let l(a) = -a + 47. Calculate l(19).
28
Let y(i) = 2*i**2 - 32*i + 7. Determine y(16).
7
Let s(k) = 2*k. Determine s(7).
14
Let o(a) = a**2 - 11*a - 28. What is o(13)?
-2
Let t(i) = -i**2 + 13*i - 8. Determine t(11).
14
Let z(g) = -g**2 - 12*g - 23. Calculate z(-9).
4
Let c(f) = f**3 - f**2 + f + 2. What is c(-1)?
-1
Let j(i) = -i**3 + 15*i**2 - 11*i - 12. Calculate j(14).
30
Let k(g) = g**2 + g - 4. Give k(-2).
-2
Let t(q) = -4*q + 10. Give t(4).
-6
Let w(h) = -h**3 - 10*h**2 - 32*h - 24. Determine w(-3).
9
Let l(z) = z**3 + 11*z**2 + 9*z. Give l(-10).
10
Let o(p) = -p**2 - 5*p - 2. Calculate o(-5).
-2
Let n(d) = 11*d + 43. Give n(-3).
10
Let a(l) = l**3 + 9*l**2 + 22*l + 14. Determine a(-6).
-10
Let c(h) = h**2 - 7*h + 7. Determine c(6).
1
Let u(a) = 4*a + 3. Calculate u(-6).
-21
Let r(o) = 2*o**2 - 5*o - 6. Calculate r(6).
36
Let s(y) = -y**3 - 4*y**2 + 10*y - 23. Calculate s(-6).
-11
Let b(p) = -2*p**2 + p - 17. Give b(-5).
-72
Let y(f) = -f**3 + 12*f**2 - 11*f - 3. Determine y(11).
-3
Let k(r) = r**2 + 9*r + 6. Give k(-5).
-14
Let m(f) = 3*f**2 + 24*f + 45. Determine m(-6).
9
Let y(l) = l**2 + 3*l + 2. Calculate y(-1).
0
Let j(m) = 4*m**2 - 2*m - 2. Determine j(2).
10
Let p(s) = -69*s + 1186. Determine p(17).
13
Let s(c) = -9*c + 46. Calculate s(5).
1
Let w(h) = 3*h**2 - 3. What is w(-4)?
45
Let v(y) = 2*y**3 + 6*y**2 - 12*y - 15. What is v(-4)?
1
Let s(j) = -3*j - 6. Calculate s(-5).
9
Let c(r) = -r**3 - 15*r**2 + 16*r - 5. What is c(-16)?
-5
Let b(y) = -7*y - 11. Determine b(-8).
45
Let s(j) = -4*j - 65. Calculate s(-7).
-37
Let q(u) = 10*u + 6. Calculate q(6).
66
Let y(r) = 16*r - 71. Determine y(6).
25
Let c(n) = n**3 - 14*n**2 - 13*n - 22. Give c(15).
8
Let a(w) = w**3 + 4*w**2 - 7*w. What is a(-5)?
10
Let u(m) = -m - 16. What is u(7)?
-23
Let i(y) = y - 19. Calculate i(1).
-18
Let t(m) = -12*m - 3. Give t(3).
-39
Let w(k) = -k**2 + 13*k + 8. Give w(14).
-6
Let h(i) = -i**3 + 2*i**2 - 2*i + 69. What is h(0)?
69
Let o(b) = -b**3 + 10*b**2 - 5*b - 14. Determine o(10).
-64
Let v(l) = -l**3 - 10*l**2 - 10*l + 1. Give v(-9).
10
Let z(q) = q**3 + 31*q**2 + 29*q - 32. Give z(-30).
-2
Let z(x) = -5*x - 1. What is z(2)?
-11
Let o(m) = -67*m - 4. Determine o(-2).
130
Let d(w) = 3*w + 19. What is d(6)?
37
Let n(x) = -x**2 + 4*x - 5. What is n(6)?
-17
Let f(m) = -m**2 + 5*m - 1. Give f(5).
-1
Let j(b) = 5*b - 56. Calculate j(11).
-1
Let k(p) = p**2 - 27*p + 123. Give k(21).
-3
Let q(w) = -9*w**2 - 333*w + 10. Calculate q(-37).
10
Let j(r) = 2*r + 3. Calculate j(8).
19
Let k(z) = 2*z**2 - 9*z - 12. What is k(5)?
-7
Let v(y) = 7*y - 205. What is v(30)?
5
Let v(c) = c**2 + 2*c + 53. Calculate v(0).
53
Let w(f) = -f**2 - 51*f - 191. Determine w(-47).
-3
Let j(g) = g + 54. Give j(-14).
40
Let k(f) = f**2 - 7*f - 2. Calculate k(5).
-12
Let y(q) = q - 7. What is y(19)?
12
Let q(f) = 8*f**3 + 3*f**2 - 1. What is q(1)?
10
Let z(a) = a**2 - 2*a - 15. Determine z(0).
-15
Let f(r) = r**3 + 10*r**2 + 4*r - 9. Determine f(-10).
-49
Let w(a) = -a**3 + 8*a**2 + 3*a - 10. Give w(4).
66
Let i(y) = -y**3 + 2*y**2 + y - 9. Give i(0).
-9
Let k(u) = -u**2 - 11*u + 23. Give k(-11).
23
Let x(z) = 4*z + 57. What is x(-21)?
-27
Let a(r) = -8*r - 96. What is a(-12)?
0
Let x(q) = -q - 13. Calculate x(-20).
7
Let h(f) = -f**2 - 22*f - 20. Give h(-20).
20
Let i(k) = 9*k**2 - 4*k - 3. What is i(-2)?
41
Let f(h) = -h**2 - 18*h + 157. Give f(-25).
-18
Let a(y) = -3*y**2 - 3*y - 6. What is a(-3)?
-24
Let l(b) = 21*b - 2. Calculate l(2).
40
Let u(f) = -f**2 - 4*f + 5. Calculate u(-8).
-27
Let v(t) = -2*t**3 - 14*t**2 - 1. What is v(-7)?
-1
Let o(m) = -18*m - 3. Give o(-1).
15
Let n(x) = -6*x + 3. Give n(2).
-9
Let k(n) = n + 2. What is k(1)?
3
Let c(r) = -4*r + 8. Determine c(5).
-12
Let h(p) = p**3 + 2*p**2 + p - 7. Calculate h(0).
-7
Let m(n) = -3*n**2 + 17*n - 9. Give m(4).
11
Let l(z) = -12*z - 230. Calculate l(-19).
-2
Let w(u) = -u**3 + 27*u**2 - 24*u - 24. What is w(26)?
28
Let h(g) = g - 12. Calculate h(10).
-2
Let j(m) = -m**3 - 16*m**2 - 33*m - 265. Give j(-15).
5
Let i(h) = -h**2 - 19*h + 8. Give i(-18).
26
Let d(r) = 2*r**2 - r - 15. Determine d(-4).
21
Let c(v) = 9*v + 6. Calculate c(-1).
-3
Let u(b) = 5*b + 16. Determine u(-5).
-9
Let c(l) = l + 10. What is c(-17)?
-7
Let n(s) = 5*s - 142. Determine n(26).
-12
Let s(h) = -26*h**3 + 2*h**2 + h. What is s(-1)?
27
Let j(c) = c**3 + 5*c**2 - 15*c + 3. Give j(-7).
10
Let a(v) = 3*v + 17. Determine a(-9).
-10
Let p(n) = 5*n - 2. Give p(-4).
-22
Let g(y) = -y**3 - 7*y**2 + 3*y + 5. Give g(-7).
-16
Let f(h) = h**2 + 22*h + 80. What is f(-19)?
23
Let c(i) = -i**2 + 11*i - 29. What is c(13)?
-55
Let d(h) = -h**2 - 18*h - 71. Determine d(-13).
-6
Let j(l) = 3*l**2 - 8*l - 3. What is j(6)?
57
Let o(b) = b**3 + 21*b**2 - 5*b - 74. Determine o(-21).
31
Let r(t) = t**2 + 6*t - 7. What is r(-10)?
33
Let a(u) = 2*u - 1. Determine a(7).
13
Let q(i) = -9*i**2 - 44*i + 11. What is q(-5)?
6
Let h(o) = -23*o + 85. What is h(4)?
-7
Let x(y) = -y**3 - 4*y**2 + y - 9. Give x(-5).
11
Let l(r) = r**2 - 9*r. Calculate l(9).
0
Let p(c) = c**3 - 5*c**2 + 5*c - 9. What is p(5)?
16
Let i(s) = -14*s + 81. Give i(16).
-143
Let r(w) = 21*w + 230. Give r(-11).
-1
Let x(g) = g**3 - 18*g**2 + 21*g + 24. What is x(17)?
92
Let z(c) = -c**2 - 15*c - 22. Give z(-13).
4
Let d(a) = a**2 - a + 7. What is d(0)?
7
Let u(o) = o - 56. Calculate u(11).
-45
Let s(o) = o - 58. What is s(-16)?
-74
Let g(v) = 11*v**2 + 2*v - 1. Determine g(-2).
39
Let i(l) = -3*l**3 + 2*l**2 + 4*l + 3. Calculate i(-2).
27
Let x(h) = -h**3 + 6*h**2 - 7*h - 4. Give x(5).
-14
Let t(k) = -5*k**3 + 6*k**2 - 5. Determine t(1).
-4
Let x(u) = u**2 - 4*u + 6. Calculate x(4).
6
Let p(z) = -4*z**2 + 5*z - 2. What is p(2)?
-8
Let b(y) = -y**2 - 13*y - 20. What is b(-